{"id":2,"date":"2023-05-10T16:45:35","date_gmt":"2023-05-10T16:45:35","guid":{"rendered":"https:\/\/geox-innovation.eu\/?page_id=2"},"modified":"2025-07-11T17:32:27","modified_gmt":"2025-07-11T17:32:27","slug":"sample-page","status":"publish","type":"page","link":"https:\/\/geox-innovation.eu\/?page_id=2","title":{"rendered":"Info"},"content":{"rendered":"\n<p>Deutsch:<\/p>\n\n\n\n<p>Die <strong>geox innovation GmbH<\/strong> ist eine Gesellschaft, die die hohen Anforderungen der Energie- und W\u00e4rmewende innovativ, mittels Ausbau der Tiefen und Mitteltiefen Geothermie und dem intelligenten Einbinden von weiteren regenerativen Energien\u00a0voranbringt.<\/p>\n\n\n\n<p>Ausgehend von den Aktivit\u00e4ten der <strong><a href=\"https:\/\/www.ikav.com\/\">IKAV-Gruppe<\/a><\/strong>, soll sie vor allem die Umsetzung und Erweiterung von kommunalen und industriellen W\u00e4rmenetzen&nbsp;unterst\u00fctzen. Dabei werden auch Projekte von externen Kunden sowie bestehende Geothermie-Anlagen&nbsp;geplant, optimiert und erweitert.&nbsp;<\/p>\n\n\n\n<p>Basis ist ein hohes und langj\u00e4hriges Knowhow und ein sehr enges Kunden- \/ Partnernetzwerk.<\/p>\n\n\n\n<p>Englisch:<\/p>\n\n\n\n<p><strong>geox-Innovation GmbH<\/strong> is an&nbsp;innovative&nbsp;company that seeks to advance the energy and heating transition using deep and medium-deep geothermal energy, intelligently integrated with other renewable energies. <\/p>\n\n\n\n<p>Starting from activities within the <strong><a href=\"https:\/\/www.ikav.com\/\">IKAV Group<\/a><\/strong>, it will support the implementation and expansion of municipal and industrial heating networks. Based on a high level of expertise, close relationships with its customers and an extensive network of partners, third-party projects and existing geothermal systems are also to be planned, optimized, and expanded.<\/p>\n\n\n\n<p><\/p>\n","protected":false},"excerpt":{"rendered":"<p>Deutsch: Die geox innovation GmbH ist eine Gesellschaft, die die hohen Anforderungen der Energie- und W\u00e4rmewende innovativ, mittels Ausbau der Tiefen und Mitteltiefen Geothermie und dem intelligenten Einbinden von weiteren regenerativen Energien\u00a0voranbringt. Ausgehend von den Aktivit\u00e4ten der IKAV-Gruppe, soll sie vor allem die Umsetzung und Erweiterung von kommunalen und industriellen W\u00e4rmenetzen&nbsp;unterst\u00fctzen. Dabei werden auch Projekte <a class=\"read-more\" href=\"https:\/\/geox-innovation.eu\/?page_id=2\">READ MORE<\/a><\/p>\n","protected":false},"author":1,"featured_media":0,"parent":0,"menu_order":0,"comment_status":"closed","ping_status":"open","template":"","meta":{"footnotes":""},"class_list":["post-2","page","type-page","status-publish","hentry"],"_links":{"self":[{"href":"https:\/\/geox-innovation.eu\/index.php?rest_route=\/wp\/v2\/pages\/2","targetHints":{"allow":["GET"]}}],"collection":[{"href":"https:\/\/geox-innovation.eu\/index.php?rest_route=\/wp\/v2\/pages"}],"about":[{"href":"https:\/\/geox-innovation.eu\/index.php?rest_route=\/wp\/v2\/types\/page"}],"author":[{"embeddable":true,"href":"https:\/\/geox-innovation.eu\/index.php?rest_route=\/wp\/v2\/users\/1"}],"replies":[{"embeddable":true,"href":"https:\/\/geox-innovation.eu\/index.php?rest_route=%2Fwp%2Fv2%2Fcomments&post=2"}],"version-history":[{"count":12,"href":"https:\/\/geox-innovation.eu\/index.php?rest_route=\/wp\/v2\/pages\/2\/revisions"}],"predecessor-version":[{"id":344,"href":"https:\/\/geox-innovation.eu\/index.php?rest_route=\/wp\/v2\/pages\/2\/revisions\/344"}],"wp:attachment":[{"href":"https:\/\/geox-innovation.eu\/index.php?rest_route=%2Fwp%2Fv2%2Fmedia&parent=2"}],"curies":[{"name":"wp","href":"https:\/\/api.w.org\/{rel}","templated":true}]}}